 Let h(a) = -39*a. Let y(o) = o - 1. Let z(l) = s*h(l) - y(l). What is the tens digit of z(2)?
7
Let j be (-7)/(-35) + 224/5. Suppose x - j = -2*k, -5*x + 95 - 14 = 4*k. Suppose n = b + 60, n + 4*b - 51 = k. What is the units digit of n?
3
Let s(k) = -13*k - 8. Let b be s(-1). Suppose b*c - 1018 - 82 = 0. What is the units digit of c?
0
Let d(n) = 2*n**2 + 2*n - 23. Let x be d(-5). Let i(v) = 48 - x - v**2 - 3*v + 47 + 57. What is the hundreds digit of i(0)?
1
Suppose 97333 = 2*t - 3*c, 5*t + 21*c = 25*c + 243315. What is the thousands digit of t?
8
Suppose -1 = -4*r - 9. What is the units digit of (309 - r) + (-13 - -12)?
0
Let n(a) = a - 13 - 9*a + 13. Let t be n(-2). Let r(u) = 14*u - 38. What is the hundreds digit of r(t)?
1
Let a be 3 + (4 - 5) - -116. Let g = 209 - a. Let m = 259 - g. What is the hundreds digit of m?
1
Let g(n) = -99*n + 161 - 100*n + n**2 - 39 + 201*n. What is the hundreds digit of g(0)?
1
Let d be (-2 + -1)*(-49)/(-21). What is the tens digit of (d + 3 - -3) + 355?
5
Let k(a) = 7*a**3 + 48*a**2 + 8*a - 25. What is the units digit of k(8)?
5
Let v = 50 - 294. Let j = 528 + v. What is the units digit of j?
4
What is the units digit of 1 + 20/5*827 + 4?
3
Suppose -134*l + 130*l = -2*t + 9994, -3*t + l = -15016. What is the units digit of t?
7
Suppose 16*u - 8 = 12*u. Suppose 1455 = u*b - 4*d - 789, -4*b = 5*d - 4475. Suppose -4*w + v = -v - b, -v = -5*w + 1394. What is the tens digit of w?
7
Let z = 30822 - 10604. What is the units digit of z?
8
Let t(r) = 5*r + 1. Let b be t(2). Let a be (b/(-33))/(2/(-150)). Let q = a + 10. What is the tens digit of q?
3
What is the ten thousands digit of 13324*(-18 + (-246)/(-12))?
3
Suppose 9*k - 48 = 6. Let x be k + -4 + -2 - -309. Suppose 5*i = 196 + x. What is the units digit of i?
1
Suppose 3*p = -4*i + 24592, 30*i + 18433 = 33*i + 5*p. What is the hundreds digit of i?
1
Suppose -86*m + 4*p + 9127 = -81*m, -2*p = 5*m - 9109. What is the thousands digit of m?
1
Suppose -6*f + 2*f + 12 = -2*t, 0 = f - t - 3. Suppose 0 = -f*h + 77 + 328. Let v = h + -46. What is the units digit of v?
9
Let k(n) = n**3 - 6*n**2 + 3*n + 3. Let o = 43 - 38. Let u be k(o). What is the tens digit of (u + 4 - (-27 - -1))/1?
2
Let r be (1 - 0)/(-4*4/16). Let b = r - -5. Suppose -j = -5*z + 266 + 272, 3*z + b*j - 309 = 0. What is the hundreds digit of z?
1
Suppose 6*n - 13*n + 269992 = 5*d, -3*d - 154328 = -4*n. What is the tens digit of n?
7
Let d = -12798 - -14385. What is the hundreds digit of d?
5
Let m be -3 + 98/(-21)*(-9)/6. What is the thousands digit of (-144160)/(-128) - 1/m?
1
Let x = 497 + -497. What is the thousands digit of (x - -8) + 1260 - -9?
1
Suppose -l + 52 = -5*h, -70 = 5*h - 2*l - 16. What is the units digit of (-62)/(-6)*-9*h/15?
2
Let w(j) = -j. Let y(q) = -q**3 - q**2 + 2*q + 131. Let g(b) = 4*w(b) + y(b). What is the tens digit of g(0)?
3
Suppose -2*v = -17 + 79. Let u = -28 - v. What is the tens digit of (-4)/(20/(-415)) + u?
8
Let g be ((-252)/(-35))/((-2)/(-10)). Let j = 50 - g. Suppose -t + j + 36 = 0. What is the tens digit of t?
5
Let d = 144 + -128. Suppose 0 = -d*q + 97 + 1487. What is the units digit of q?
9
Suppose 9*f + 592965 = -124101. What is the units digit of (-2)/(-13) + f/(-273)?
2
Suppose 949745 - 792333 + 1007768 = 23*m. What is the thousands digit of m?
0
Suppose 5*p = -5*u + 29805, -19751 = -5*p - 3*u + 10054. What is the hundreds digit of p?
9
Suppose -32*f + 86*f + 31968 = 0. Let k = f - -2308. What is the hundreds digit of k?
7
Suppose -2*j = -4*z + 1948, -5*z = 3*j - 7*j - 3902. Let f = j + 1435. What is the units digit of f?
7
Suppose -13 = -4*j + 3. Suppose -o - 7*p = -j*p - 266, 0 = 5*o + 2*p - 1291. What is the units digit of o?
7
Let j(f) = -f**3 + 11*f**2 + 2*f + 24. Let n be j(12). Let u = 99 + n. What is the hundreds digit of 1*2 - (-158 + u + 2)?
1
Suppose 6 = -3*h, 5*p + h + 3*h = -198. Let q = 42 + p. Suppose q*n - 144 = n. What is the tens digit of n?
4
Suppose 15 + 9 = 6*u. Suppose r - 3*f = 65, 0*f - 3*f - 242 = -u*r. Let a = r + 5. What is the units digit of a?
4
Let d(i) = -23*i**3 - 17*i**2 - 12*i + 2. Let v be d(-5). Suppose -78*w = -82*w + v. What is the units digit of w?
8
Let p be (6/4)/((-6)/36). Let t be (-4)/12 + (-1)/(p/13188). Suppose 372 + t = 11*g. What is the tens digit of g?
6
Let j(l) = l - 34. Let v be 7*(-1 - (1 - 3)). Let w be j(v). Let h = w - -71. What is the tens digit of h?
4
Let v be (3070 - 0)/(2/1). Let q = -767 + v. What is the hundreds digit of q?
7
Let v(o) be the first derivative of -o**4/4 + 6*o**2 + 35*o + 47. What is the tens digit of v(-5)?
0
Let m be -3 + (4 + 5 - 12/3). Suppose 24 + 14 = g - 4*z, -m*g + 63 = 5*z. What is the units digit of g?
4
Let l(o) = o**3 + 7*o**2 - 12*o - 43. What is the hundreds digit of l(8)?
8
Let y(g) = -7*g**3 - 4*g**2 + 13*g - 7. Suppose -r + 1140 - 1146 = 0. What is the tens digit of y(r)?
8
Let s(o) = -20*o + 7. Let q(h) = 25*h - 12. Let y(w) = -2*q(w) - 3*s(w). Suppose 2*m + 3*c - 4 = 4*c, -2*c = 4*m. What is the tens digit of y(m)?
1
Let a(d) = 4*d**2 + 7*d - 23. Suppose 38 = 4*m - 2. What is the tens digit of a(m)?
4
Let i be 28/21 + 10/6. Suppose 4*t - 2043 = -3*v, 2*t + 0*t - i*v = 1017. What is the tens digit of t?
1
Suppose 5 = 3*r - 4. Suppose -h + u + 454 = -r*u, -4*h + 1799 = u. What is the tens digit of h?
5
Let d(z) = z + 18. Let n be d(-15). Suppose -n*l - 72 = -9*l. Suppose -32 - 4 = -l*c. What is the units digit of c?
3
Let z(o) = o**2 - 2*o - 11. Suppose 4*k = 16 + 4. Let g be z(k). What is the tens digit of 56/6 + g/6?
1
Let f = 6835 + 165. What is the tens digit of f?
0
Suppose -388 - 32 = 4*x. What is the units digit of 251/2 - -1 - x/210?
7
Suppose a - 4*d - 18345 = 0, 219*a - 220*a - d = -18350. What is the tens digit of a?
4
Let a = -293 - -296. What is the hundreds digit of 20/(-12) - (-3212)/a?
0
Suppose f = -a + 10, -f - a - 10 = -4*a. Suppose -10024 + 113 = -17*n. What is the units digit of 12/30 + n/f?
7
Suppose -5*f = 5 - 15. Let i = 37 + -34. Suppose -i*j + t = -92, f + 14 = j - 4*t. What is the tens digit of j?
3
Suppose 0 = -5*h + 45*v - 42*v + 53245, 9*h = 2*v + 95824. What is the thousands digit of h?
0
Let t = 35 - 182. Let v = 199 - t. What is the hundreds digit of v?
3
Let s(a) = -a**3 + a**2 + 2*a + 8. Suppose 4*t - 16 = 4*f, -2*t + 10 = 4*f + 2. Let b be s(f). Let p(h) = -h**2 + 13*h - 6. What is the units digit of p(b)?
4
Let r(y) = y**2 + 50*y + 178. Let c be r(-46). What is the hundreds digit of -18*(-6)/(-6)*387/c?
1
Let r = 2789 + -1835. Suppose r = -550*i + 559*i. What is the units digit of i?
6
Let q = -7 - -9. Suppose 0*v = -q*v + 16. Suppose -v = -i + 94. What is the tens digit of i?
0
Let f(q) = 17*q + 220. Let w(p) = -9*p - 152. Let j be w(-22). What is the units digit of f(j)?
2
Let q = 1968 + -1385. Suppose 0 = 3*r + q + 107. Let x = -100 - r. What is the units digit of x?
0
Let s(t) = -2*t - 26. Let j be s(28). Let b = j - -84. Suppose 0 = -5*v + b*f - 286 + 1021, 5*f = 25. What is the units digit of v?
9
Suppose 10*t = 4381 + 199229. What is the ten thousands digit of t?
2
Let g(m) = -m**3 + 16*m**2 - 8*m - 93. Let w be g(15). Let s(l) be the first derivative of -l**3/3 + 10*l**2 - 27*l + 1. What is the tens digit of s(w)?
6
Let i = -41 - -48. Suppose 0 = -5*b + 23 + i. What is the tens digit of b/((18/(-16))/(-9))?
4
Let f(d) = 2*d**2 - 17*d + 25. Let a be f(16). Let p = 642 - a. What is the tens digit of p?
7
Let f be (3646 - 22) + 1*0/(-2). Suppose -f = 12*a - 11964. What is the units digit of a?
5
Let w = -5239 + 19362. What is the hundreds digit of w?
1
Suppose 3*z = z + 3*s + 9, -5*z = -4*s - 12. Let k(c) = c**2 + 8*c - 30. Let r be k(-11). Suppose z = 5*n - 12 - r, 49 = y + 4*n. What is the units digit of y?
7
Suppose -809630 - 386920 = -38*s - 12*s. What is the units digit of s?
1
What is the tens digit of 30/20*19788/9?
9
Suppose 31*k = 28*k + 4*p + 22067, 2*p = 2. Suppose 3*d - 3*t - 2983 = 1442, 5*d + 4*t - k = 0. What is the units digit of d?
3
Let c(j) = 3*j - 37. Let d be c(14). What is the units digit of (-40)/(d/(-120)*3)?
0
Let x be (-456)/(-45) - (-2)/(-15). What is the tens digit of (-2)/(-3)*(9785/x + -5)?
4
Let b(j) = 2*j**2 + 2. Let l be b(0). What is the units digit of 3 + (l/8 - (-2390)/8)?
2
Let